e 13086?
False
Does 22 divide 95502?
True
Is 15 a factor of 760425?
True
Does 98 divide 33124?
True
Is 2815545 a multiple of 23?
True
Is 70 a factor of 8179412?
False
Is 116320 a multiple of 40?
True
Is 8594726 a multiple of 28?
False
Is 6 a factor of 297306?
True
Does 3 divide 297691?
False
Is 154953 a multiple of 60?
False
Is 6087060 a multiple of 12?
True
Does 21 divide 1947393?
True
Does 17 divide 4056653?
False
Is 327605 a multiple of 169?
False
Is 34 a factor of 792200?
True
Does 13 divide 79625?
True
Is 51 a factor of 655605?
True
Is 16513392 a multiple of 588?
True
Is 247 a factor of 601939?
True
Is 20 a factor of 364365?
False
Is 295898 a multiple of 126?
False
Is 352 a factor of 876677?
False
Does 12 divide 1173780?
True
Is 97 a factor of 480362?
False
Is 2 a factor of 10091?
False
Does 20 divide 22663020?
True
Is 61 a factor of 4756514?
False
Does 168 divide 630118?
False
Is 89 a factor of 405395?
True
Does 2 divide 526881?
False
Is 48529 a multiple of 13?
True
Does 11 divide 7359?
True
Is 256865 a multiple of 41?
True
Does 101 divide 2870521?
True
Is 262 a factor of 13077?
False
Does 4 divide 1198843?
False
Is 7 a factor of 22164786?
True
Does 529 divide 5177977?
False
Is 1869087 a multiple of 121?
True
Is 1137348 a multiple of 9?
True
Does 283 divide 288943?
True
Is 4 a factor of 1551044?
True
Is 52 a factor of 692368?
False
Is 724182 a multiple of 411?
True
Is 23 a factor of 1896166?
True
Does 114 divide 6903?
False
Is 5424309 a multiple of 1159?
False
Is 232 a factor of 466088?
True
Is 14 a factor of 314284?
False
Does 15 divide 321263?
False
Is 1895011 a multiple of 51?
False
Is 146 a factor of 221774?
True
Does 14 divide 222712?
True
Is 182773 a multiple of 21?
False
Is 54 a factor of 8459318?
False
Is 70 a factor of 215320?
True
Is 649 a factor of 486750?
True
Is 33 a factor of 52084?
False
Is 12483174 a multiple of 22?
True
Is 1564146 a multiple of 1017?
True
Does 270 divide 1209680?
False
Is 11 a factor of 179003?
True
Does 98 divide 2721166?
True
Does 166 divide 102754?
True
Does 3 divide 9959?
False
Is 21 a factor of 175476?
True
Does 1193 divide 3304610?
True
Is 141561 a multiple of 21?
True
Does 3 divide 650672?
False
Is 3944550 a multiple of 798?
False
Is 37 a factor of 2220?
True
Is 124879 a multiple of 12?
False
Is 752 a factor of 59408?
True
Does 11 divide 3921940?
True
Is 5 a factor of 22723?
False
Does 13 divide 314145?
True
Is 105524 a multiple of 74?
True
Is 391519 a multiple of 32?
False
Is 25 a factor of 3867475?
True
Does 114 divide 299478?
True
Does 33 divide 103920?
False
Does 68 divide 16728?
True
Is 8952384 a multiple of 48?
True
Does 14 divide 8322104?
True
Does 14 divide 36515?
False
Is 129408 a multiple of 3?
True
Does 281 divide 656649?
False
Is 3595648 a multiple of 36?
False
Is 3064477 a multiple of 69?
False
Does 23 divide 53352?
False
Does 341 divide 9750895?
True
Is 699780 a multiple of 6?
True
Is 236 a factor of 104312?
True
Is 32 a factor of 362?
False
Is 136858 a multiple of 78?
False
Does 79 divide 189837?
True
Is 369114 a multiple of 47?
False
Is 620 a factor of 3537100?
True
Is 14255 a multiple of 20?
False
Is 13 a factor of 217913?
False
Is 459 a factor of 3312639?
False
Does 234 divide 57384?
False
Is 44834 a multiple of 39?
False
Is 161976 a multiple of 102?
True
Is 104762 a multiple of 7?
True
Is 67 a factor of 4010888?
True
Is 15258 a multiple of 3?
True
Does 28 divide 45640?
True
Is 464168 a multiple of 53?
False
Is 836177 a multiple of 137?
False
Is 2713711 a multiple of 28?
False
Is 24192910 a multiple of 14?
True
Is 50986 a multiple of 20?
False
Does 11 divide 535072?
False
Does 16 divide 1164744?
False
Is 18 a factor of 980964?
True
Is 177 a factor of 63163?
False
Is 6 a factor of 115907?
False
Is 13 a factor of 10977?
False
Is 749775 even?
False
Does 9 divide 2613114?
True
Is 45 a factor of 579105?
True
Is 6167519 a multiple of 183?
False
Is 2429889 a multiple of 45?
False
Is 59 a factor of 30978?
False
Is 16 a factor of 691360?
True
Is 244620 a multiple of 30?
True
Is 450298 a multiple of 130?
False
Is 20 a factor of 1544819?
False
Does 99 divide 3216250?
False
Does 34 divide 40664?
True
Is 93 a factor of 255006?
True
Does 366 divide 540952?
False
Does 2029 divide 4766353?
False
Does 46 divide 539217?
False
Is 27 a factor of 13905?
True
Is 3 a factor of 47631?
True
Is 739 a factor of 14896536?
False
Is 160 a factor of 9280800?
True
Is 1617 a factor of 4342676?
False
Is 427 a factor of 370636?
True
Is 127 a factor of 142914?
False
Does 8 divide 118234?
False
Is 65 a factor of 12129130?
True
Is 9 a factor of 1882335?
False
Is 7 a factor of 18193?
True
Does 443 divide 1898273?
False
Is 10 a factor of 998230?
True
Is 43680 a multiple of 29?
False
Is 154 a factor of 3161774?
True
Is 13 a factor of 108095?
True
Is 527410 a multiple of 91?
False
Is 39 a factor of 397137?
True
Does 59 divide 7120110?
False
Is 105966 a multiple of 21?
True
Is 268 a factor of 225656?
True
Does 217 divide 137955?
False
Does 30 divide 2622207?
False
Is 346 a factor of 4578272?
True
Is 25 a factor of 846844?
False
Does 386 divide 5102?
False
Is 192924 a multiple of 466?
True
Is 110 a factor of 3503940?
True
Is 529 a factor of 440128?
True
Does 8 divide 76448?
True
Does 127 divide 44704?
True
Does 9 divide 7756614?
True
Is 67485 a multiple of 238?
False
Is 187 a factor of 6062077?
False
Is 1409 a factor of 6702613?
True
Does 233 divide 1991037?
False
Is 6 a factor of 175151?
False
Is 11212146 a multiple of 34?
True
Is 12 a factor of 4563938?
False
Does 15 divide 683355?
True
Is 46 a factor of 1282295?
False
Is 471620 a multiple of 10?
True
Does 29 divide 4120233?
True
Is 1211475 a multiple of 3?
True
Does 61 divide 29829?
True
Is 6780570 a multiple of 30?
True
Does 45 divide 3275?
False
Is 339 a factor of 697662?
True
Is 2407 a multiple of 2?
False
Does 54 divide 69606?
True
Does 172 divide 2258532?
True
Is 94 a factor of 1973198?
False
Does 24 divide 1250075?
False
Is 79079 a multiple of 122?
False
Is 502 a multiple of 3?
False
Is 307 a factor of 106330?
False
Does 62 divide 27776?
True
Is 175033 a multiple of 21?
False
Is 73124 a multiple of 4?
True
Is 15 a factor of 11904507?
False
Does 4 divide 2116?
True
Is 162564 a multiple of 186?
True
Is 1614731 a multiple of 291?
False
Is 79711 a multiple of 20?
False
Is 2309686 a multiple of 56?
False
Does 200 divide 369000?
True
Is 19 a factor of 17055?
False
Is 121506 a multiple of 110?
False
Is 732 a factor of 420053?
False
Is 58 a factor of 4678918?
True
Is 62276 a multiple of 154?
False
Is 20 a factor of 65466?
False
Is 1188788 a multiple of 62?
True
Does 19 divide 7787834?
True
Does 2 divide 3765021?
False
Is 69 a factor of 73416?
True
Is 63 a factor of 624175?
False
Is 36 a factor of 530208?
True
Is 864 a factor of 3032640?
True
Is 905499 a multiple of 21?
True
Is 2322930 a multiple of 10?
True
Does 4 divide 247478?
False
Is 143 a factor of 15422487?
False
Is 17 a factor of 1448279?
False
Is 128 a factor of 233984?
True
Is 241 a factor of 69408?
True
Is 101 a factor of 34138?
True
Is 46 a factor of 179354?
True
Is 24 a factor of 658464?
True
Is 91250 a multiple of 50?
True
Is 53 a factor of 274412?
False
Is 8 a factor of 81832?
True
Does 190 divide 1006921?
False
Is 1754269 a multiple of 22?
False
Does 19 divide 9351825?
False
Is 495381 a multiple of 20?
False
Is 2635947 a multiple of 68?
False
Does 54 divide 586951?
False
Is 261 a factor of 668330?
False
Is 1099212 a multiple of 12?
True
Is 1897726 a multiple of 291?
False
Is 755779 a multiple of 14?
False
Does 84 divide 3864?
True
Is 24 a factor of 5911?
False
Is 39 a factor of 3883191?
True
Is 2788080 a multiple of 40?
True
Does 27 divide 108829?
False
Does 12 divide 2048011?
False
Does 3 divide 200434?
False
Does 47 divide 9466928?
True
Is 63722 a multiple of 776?
False
Does 1121 divide 2582784?
True
Is 566 a factor of 2044974?
False
Does 75 divide 2489596?
False
Is 1262468 a multiple of 190?
False
Is 1932936 a multiple of 24?
True
Is 114 a factor of 2036586?
False
Is 12 a factor of 131579?
False
Does 14 divide 82606?
False
Does 43 divide 740417?
True
Is 13 a factor of 643543?
False
Does 180 divide 91137?
False
Is 3 a factor of 239039?
False
Is 514 a factor of 157801?
False
Is 367524 a multiple of 10